{"id":16235,"date":"2024-10-30T18:58:38","date_gmt":"2024-10-30T17:58:38","guid":{"rendered":"https:\/\/best.brandpixel.eu\/?post_type=product&#038;p=16235"},"modified":"2024-10-30T18:58:38","modified_gmt":"2024-10-30T17:58:38","slug":"set-sherman-mig-mag-loeten-inverter-schweissgeraet-200amp-schweissmaschine-gaslos","status":"publish","type":"product","link":"https:\/\/best.brandpixel.eu\/?product=set-sherman-mig-mag-loeten-inverter-schweissgeraet-200amp-schweissmaschine-gaslos","title":{"rendered":"SET Sherman\u2122 MIG\/MAG L\u00f6ten Inverter Schwei\u00dfger\u00e4t 200Amp Schwei\u00dfmaschine Gaslos"},"content":{"rendered":"<p>Die halbautomatische Schwei\u00dfmaschine DUALMIG 210 S4 wird zum manuellen Schwei\u00dfen von Stahl und Nichteisenmetallen eingesetzt. Sie erm\u00f6glicht das Schwei\u00dfen mit den Verfahren MIG\/MAG, MMA (umh\u00fcllte Elektrode) und Lift TIG.<\/p>\n<p>Es kann auch zum L\u00f6ten von d\u00fcnnen (bis zu 3 mm) verzinkten Blechen verwendet werden. Durch \u00c4nderung der Polarit\u00e4t erm\u00f6glicht das Ger\u00e4t das MIG\/MAG-Schwei\u00dfen sowohl mit Standardschutzgas-Schutzdr\u00e4hten als auch mit selbstsch\u00fctzenden Pulverdr\u00e4hten (FCAW). Das Schwei\u00dfger\u00e4t wird in geschlossenen oder \u00fcberdachten R\u00e4umen eingesetzt, die nicht den direkten Witterungsbedingungen ausgesetzt sind. DUALMIG 210 S4 arbeitet mit den Drahtspulen D100 (1kg) und D200 (5kg).<\/p>\n<p>Das Ger\u00e4t erm\u00f6glicht das Schwei\u00dfen im 2- oder 4-Takt-Modus und hat die F\u00e4higkeit, die beim L\u00f6tschwei\u00dfen verwendete Induktivit\u00e4t und die Regulierung der Schmelze w\u00e4hrend des Schwei\u00dfens zu regulieren.<\/p>\n<p>Das Ger\u00e4t ist mit einem 2-Rollen-Drahtvorschub mit stufenlos regelbarer Vorschubgeschwindigkeit, MIG-Schwei\u00dfhalter, Elektrodenkabel und Massekabel mit Zeckenklemme ausgestattet.<\/p>\n<p>Hauptmerkmale:<\/p>\n<p>&#8211; Digitale Steuerung<br \/>\n&#8211; Anti Stick, Hot Start, Arc Force, 2T\/4T-Schalter<br \/>\n&#8211; Induktionsregelung<br \/>\n&#8211; Es ist m\u00f6glich, den WIG-Halter (TIG Lift) anzuschlie\u00dfen<br \/>\n&#8211; Schwei\u00dfen mit selbstsch\u00fctzendem Draht<br \/>\n&#8211; L\u00f6ten<\/p>\n","protected":false},"excerpt":{"rendered":"<p>Sherman<br \/>\nDualmig 210 S4<br \/>\n230V 200A<br \/>\nSherman Dualmig 210 S4<br \/>\nMIG Griff &#8211; MB-15 3 Meter<br \/>\nWIG Griff &#8211; SR-17V 4 Meter<br \/>\nMMA Griff &#8211; 2 Meter<br \/>\nMassenkabel &#8211; 2 Meter<br \/>\nGasflasche (voll, neu) 8 Liter Ar\/Co2 (MIX) oder reines CO2<br \/>\nReduzierst\u00fcck Argon\/Co2<br \/>\nSchwei\u00dfdraht SG2 &#8211; 5kg 0,8mm<br \/>\nAnti-Spritzer-Spray (2 St.)<br \/>\nMIG Schwei\u00dfzubeh\u00f6r<br \/>\nSchwei\u00dferhandschuhe<br \/>\nSchwei\u00dfwinkel (11kg\/22kg\/33kg)<br \/>\nMehrsprachiges Handbuch<br \/>\n2 Jahre Garantie<\/p>\n","protected":false},"featured_media":5116,"comment_status":"open","ping_status":"closed","template":"","meta":{"site-sidebar-layout":"default","site-content-layout":"","ast-site-content-layout":"","site-content-style":"default","site-sidebar-style":"default","ast-global-header-display":"","ast-banner-title-visibility":"","ast-main-header-display":"","ast-hfb-above-header-display":"","ast-hfb-below-header-display":"","ast-hfb-mobile-header-display":"","site-post-title":"","ast-breadcrumbs-content":"","ast-featured-img":"","footer-sml-layout":"","theme-transparent-header-meta":"","adv-header-id-meta":"","stick-header-meta":"","header-above-stick-meta":"","header-main-stick-meta":"","header-below-stick-meta":"","astra-migrate-meta-layouts":"default","ast-page-background-enabled":"default","ast-page-background-meta":{"desktop":{"background-color":"var(--ast-global-color-4)","background-image":"","background-repeat":"repeat","background-position":"center center","background-size":"auto","background-attachment":"scroll","background-type":"","background-media":"","overlay-type":"","overlay-color":"","overlay-opacity":"","overlay-gradient":""},"tablet":{"background-color":"","background-image":"","background-repeat":"repeat","background-position":"center center","background-size":"auto","background-attachment":"scroll","background-type":"","background-media":"","overlay-type":"","overlay-color":"","overlay-opacity":"","overlay-gradient":""},"mobile":{"background-color":"","background-image":"","background-repeat":"repeat","background-position":"center center","background-size":"auto","background-attachment":"scroll","background-type":"","background-media":"","overlay-type":"","overlay-color":"","overlay-opacity":"","overlay-gradient":""}},"ast-content-background-meta":{"desktop":{"background-color":"var(--ast-global-color-5)","background-image":"","background-repeat":"repeat","background-position":"center center","background-size":"auto","background-attachment":"scroll","background-type":"","background-media":"","overlay-type":"","overlay-color":"","overlay-opacity":"","overlay-gradient":""},"tablet":{"background-color":"var(--ast-global-color-5)","background-image":"","background-repeat":"repeat","background-position":"center center","background-size":"auto","background-attachment":"scroll","background-type":"","background-media":"","overlay-type":"","overlay-color":"","overlay-opacity":"","overlay-gradient":""},"mobile":{"background-color":"var(--ast-global-color-5)","background-image":"","background-repeat":"repeat","background-position":"center center","background-size":"auto","background-attachment":"scroll","background-type":"","background-media":"","overlay-type":"","overlay-color":"","overlay-opacity":"","overlay-gradient":""}}},"product_cat":[61],"product_tag":[],"class_list":{"0":"post-16235","1":"product","2":"type-product","3":"status-publish","4":"has-post-thumbnail","6":"product_cat-mig-mag","7":"desktop-align-left","8":"tablet-align-left","9":"mobile-align-left","11":"first","12":"instock","13":"shipping-taxable","14":"product-type-variable"},"_links":{"self":[{"href":"https:\/\/best.brandpixel.eu\/index.php?rest_route=\/wp\/v2\/product\/16235","targetHints":{"allow":["GET"]}}],"collection":[{"href":"https:\/\/best.brandpixel.eu\/index.php?rest_route=\/wp\/v2\/product"}],"about":[{"href":"https:\/\/best.brandpixel.eu\/index.php?rest_route=\/wp\/v2\/types\/product"}],"replies":[{"embeddable":true,"href":"https:\/\/best.brandpixel.eu\/index.php?rest_route=%2Fwp%2Fv2%2Fcomments&post=16235"}],"wp:featuredmedia":[{"embeddable":true,"href":"https:\/\/best.brandpixel.eu\/index.php?rest_route=\/wp\/v2\/media\/5116"}],"wp:attachment":[{"href":"https:\/\/best.brandpixel.eu\/index.php?rest_route=%2Fwp%2Fv2%2Fmedia&parent=16235"}],"wp:term":[{"taxonomy":"product_cat","embeddable":true,"href":"https:\/\/best.brandpixel.eu\/index.php?rest_route=%2Fwp%2Fv2%2Fproduct_cat&post=16235"},{"taxonomy":"product_tag","embeddable":true,"href":"https:\/\/best.brandpixel.eu\/index.php?rest_route=%2Fwp%2Fv2%2Fproduct_tag&post=16235"}],"curies":[{"name":"wp","href":"https:\/\/api.w.org\/{rel}","templated":true}]}}