{"id":15980,"date":"2024-10-30T18:55:50","date_gmt":"2024-10-30T17:55:50","guid":{"rendered":"https:\/\/best.brandpixel.eu\/?post_type=product&#038;p=15980"},"modified":"2024-10-30T18:55:50","modified_gmt":"2024-10-30T17:55:50","slug":"best-reduzierer-mit-2-rotameter-druckregler-argon-co2-druckminderer-flowmeter","status":"publish","type":"product","link":"https:\/\/best.brandpixel.eu\/?product=best-reduzierer-mit-2-rotameter-druckregler-argon-co2-druckminderer-flowmeter","title":{"rendered":"BEST\u2122 Reduzierer mit 2 Rotameter Druckregler Argon\/Co2 Druckminderer Flowmeter"},"content":{"rendered":"<p>Regler mit Rotameter f\u00fcr Argon, Gemisch und Kohlendioxid mit Rotameter und Manometer. Mit dem Druckminderer kann der Druck des aus der Gasflasche str\u00f6menden Arbeitsgases stufenlos eingestellt werden. Die Verwendung von zwei Rotoren erm\u00f6glicht das gleichzeitige Schwei\u00dfen und Einblasen von Gas in das zu schwei\u00dfende Element oder die Schaffung eines Gaspolsters, wodurch sich das Reduzierst\u00fcck ideal zum Schwei\u00dfen von Rohren eignet.<\/p>\n<p>&#8211; Stufenlos einstellbarer Gasfluss, unabh\u00e4ngig vom Flaschendruck<br \/>\n&#8211; Ventil erm\u00f6glicht pr\u00e4zise Durchflusseinstellung<br \/>\n&#8211; Pr\u00e4zisions-Nadelventil<br \/>\n&#8211; Einfache Ablesung des Durchflusses auf dem Rotameter<br \/>\n&#8211; Anzeige des Flaschendrucks auf dem Manometer sichtbar<br \/>\n&#8211; Deutliche bar\/psi-Manometeranzeige<br \/>\n&#8211; Flaschendruckmanometer mit Skala bis 250 bar<\/p>\n","protected":false},"excerpt":{"rendered":"<p>Druckminderer mit 2 Rotameter<br \/>\nArgon \/ Co2 \/ Luft<\/p>\n","protected":false},"featured_media":4240,"comment_status":"open","ping_status":"closed","template":"","meta":{"site-sidebar-layout":"default","site-content-layout":"","ast-site-content-layout":"","site-content-style":"default","site-sidebar-style":"default","ast-global-header-display":"","ast-banner-title-visibility":"","ast-main-header-display":"","ast-hfb-above-header-display":"","ast-hfb-below-header-display":"","ast-hfb-mobile-header-display":"","site-post-title":"","ast-breadcrumbs-content":"","ast-featured-img":"","footer-sml-layout":"","theme-transparent-header-meta":"","adv-header-id-meta":"","stick-header-meta":"","header-above-stick-meta":"","header-main-stick-meta":"","header-below-stick-meta":"","astra-migrate-meta-layouts":"default","ast-page-background-enabled":"default","ast-page-background-meta":{"desktop":{"background-color":"var(--ast-global-color-4)","background-image":"","background-repeat":"repeat","background-position":"center center","background-size":"auto","background-attachment":"scroll","background-type":"","background-media":"","overlay-type":"","overlay-color":"","overlay-opacity":"","overlay-gradient":""},"tablet":{"background-color":"","background-image":"","background-repeat":"repeat","background-position":"center center","background-size":"auto","background-attachment":"scroll","background-type":"","background-media":"","overlay-type":"","overlay-color":"","overlay-opacity":"","overlay-gradient":""},"mobile":{"background-color":"","background-image":"","background-repeat":"repeat","background-position":"center center","background-size":"auto","background-attachment":"scroll","background-type":"","background-media":"","overlay-type":"","overlay-color":"","overlay-opacity":"","overlay-gradient":""}},"ast-content-background-meta":{"desktop":{"background-color":"var(--ast-global-color-5)","background-image":"","background-repeat":"repeat","background-position":"center center","background-size":"auto","background-attachment":"scroll","background-type":"","background-media":"","overlay-type":"","overlay-color":"","overlay-opacity":"","overlay-gradient":""},"tablet":{"background-color":"var(--ast-global-color-5)","background-image":"","background-repeat":"repeat","background-position":"center center","background-size":"auto","background-attachment":"scroll","background-type":"","background-media":"","overlay-type":"","overlay-color":"","overlay-opacity":"","overlay-gradient":""},"mobile":{"background-color":"var(--ast-global-color-5)","background-image":"","background-repeat":"repeat","background-position":"center center","background-size":"auto","background-attachment":"scroll","background-type":"","background-media":"","overlay-type":"","overlay-color":"","overlay-opacity":"","overlay-gradient":""}}},"product_cat":[32],"product_tag":[],"class_list":{"0":"post-15980","1":"product","2":"type-product","3":"status-publish","4":"has-post-thumbnail","6":"product_cat-druckminderer","7":"desktop-align-left","8":"tablet-align-left","9":"mobile-align-left","11":"first","12":"instock","13":"shipping-taxable","14":"purchasable","15":"product-type-simple"},"_links":{"self":[{"href":"https:\/\/best.brandpixel.eu\/index.php?rest_route=\/wp\/v2\/product\/15980","targetHints":{"allow":["GET"]}}],"collection":[{"href":"https:\/\/best.brandpixel.eu\/index.php?rest_route=\/wp\/v2\/product"}],"about":[{"href":"https:\/\/best.brandpixel.eu\/index.php?rest_route=\/wp\/v2\/types\/product"}],"replies":[{"embeddable":true,"href":"https:\/\/best.brandpixel.eu\/index.php?rest_route=%2Fwp%2Fv2%2Fcomments&post=15980"}],"wp:featuredmedia":[{"embeddable":true,"href":"https:\/\/best.brandpixel.eu\/index.php?rest_route=\/wp\/v2\/media\/4240"}],"wp:attachment":[{"href":"https:\/\/best.brandpixel.eu\/index.php?rest_route=%2Fwp%2Fv2%2Fmedia&parent=15980"}],"wp:term":[{"taxonomy":"product_cat","embeddable":true,"href":"https:\/\/best.brandpixel.eu\/index.php?rest_route=%2Fwp%2Fv2%2Fproduct_cat&post=15980"},{"taxonomy":"product_tag","embeddable":true,"href":"https:\/\/best.brandpixel.eu\/index.php?rest_route=%2Fwp%2Fv2%2Fproduct_tag&post=15980"}],"curies":[{"name":"wp","href":"https:\/\/api.w.org\/{rel}","templated":true}]}}