{"id":15948,"date":"2024-10-30T18:55:30","date_gmt":"2024-10-30T17:55:30","guid":{"rendered":"https:\/\/best.brandpixel.eu\/?post_type=product&#038;p=15948"},"modified":"2024-10-30T18:55:31","modified_gmt":"2024-10-30T17:55:31","slug":"fachowiec-320nm-1-2-pneumatisch-schlagschrauber-druckluftschrauber-koffer","status":"publish","type":"product","link":"https:\/\/best.brandpixel.eu\/?product=fachowiec-320nm-1-2-pneumatisch-schlagschrauber-druckluftschrauber-koffer","title":{"rendered":"Fachowiec\u2122 320Nm 1\/2&#8243; Pneumatisch Schlagschrauber Druckluftschrauber Koffer"},"content":{"rendered":"<p>Pneumatischer Schlagschrauber 1\/2&#8243; 320 Nm komplett mit Koffer und Steckschl\u00fcsseleins\u00e4tzen aus der FACH-Profiwerkzeugserie f\u00fcr Kunden, die eine Qualit\u00e4tsausr\u00fcstung zu einem attraktiven Preis suchen.<\/p>\n<p>Der Schraubenschl\u00fcssel hat eine ergonomische Form und ein optimales Gewicht, was einen hohen Komfort f\u00fcr den Bediener gew\u00e4hrleistet. Das System der Links-Rechts-Drehung wurde so entwickelt, dass die M\u00f6glichkeit einer \u00dcberlastung der Gewinde der angezogenen Schrauben ausgeschlossen ist.<\/p>\n<p>Das Werkzeug ist in der Automobil-, Maschinenbau-, Bau- und Schiffbauindustrie weit verbreitet.<\/p>\n<p>Vorteile:<br \/>\n&#8211; langlebiger und zuverl\u00e4ssiger Rotormechanismus,<br \/>\n&#8211; leichtes, kompaktes Geh\u00e4use,<br \/>\n&#8211; reversible Rotation,<br \/>\n&#8211; Drehmomentkontrolle<\/p>\n<p>Spezifikation:<\/p>\n<p>Max. Drehmoment        320 [Nm]<br \/>\nUmdrehungen pro Minute        7 000 [r.p.m]<br \/>\nAnschlussart        1\/2&#8243;<br \/>\nEinstellung des Drehmoments        4 Grad<br \/>\nDrehrichtung        Links \/ Rechts<br \/>\nGer\u00e4uschemission         85-97 [dBA]<br \/>\nSchwingungspegel (ohne Last)        <2,5 [m\/s2]\nLuftverbrauch        350 [l\/min]\nMaximaler Druck        6,2 [bar]\nAnschluss [Innengewinde]        1\/4\"\nMin. Leitungsdurchmesser        8 [mm]\nGewicht        2,63 [kg]\n<\/p>\n","protected":false},"excerpt":{"rendered":"<p>Schlagschrauber<br \/>\n320Nm<br \/>\nPneumatik Schlagschrauber YB-401<br \/>\nSchaftverl\u00e4ngerung 1\/2&#8243;<br \/>\nEins\u00e4tze 1\/2&#8243; &#8211; 10 St\u00fcck<br \/>\n\u00d6ler<br \/>\nPneumatischen Anschluss<br \/>\nKoffer<br \/>\n2 Jahre Garantie<\/p>\n","protected":false},"featured_media":4153,"comment_status":"open","ping_status":"closed","template":"","meta":{"site-sidebar-layout":"default","site-content-layout":"","ast-site-content-layout":"","site-content-style":"default","site-sidebar-style":"default","ast-global-header-display":"","ast-banner-title-visibility":"","ast-main-header-display":"","ast-hfb-above-header-display":"","ast-hfb-below-header-display":"","ast-hfb-mobile-header-display":"","site-post-title":"","ast-breadcrumbs-content":"","ast-featured-img":"","footer-sml-layout":"","theme-transparent-header-meta":"","adv-header-id-meta":"","stick-header-meta":"","header-above-stick-meta":"","header-main-stick-meta":"","header-below-stick-meta":"","astra-migrate-meta-layouts":"default","ast-page-background-enabled":"default","ast-page-background-meta":{"desktop":{"background-color":"var(--ast-global-color-4)","background-image":"","background-repeat":"repeat","background-position":"center center","background-size":"auto","background-attachment":"scroll","background-type":"","background-media":"","overlay-type":"","overlay-color":"","overlay-opacity":"","overlay-gradient":""},"tablet":{"background-color":"","background-image":"","background-repeat":"repeat","background-position":"center center","background-size":"auto","background-attachment":"scroll","background-type":"","background-media":"","overlay-type":"","overlay-color":"","overlay-opacity":"","overlay-gradient":""},"mobile":{"background-color":"","background-image":"","background-repeat":"repeat","background-position":"center center","background-size":"auto","background-attachment":"scroll","background-type":"","background-media":"","overlay-type":"","overlay-color":"","overlay-opacity":"","overlay-gradient":""}},"ast-content-background-meta":{"desktop":{"background-color":"var(--ast-global-color-5)","background-image":"","background-repeat":"repeat","background-position":"center center","background-size":"auto","background-attachment":"scroll","background-type":"","background-media":"","overlay-type":"","overlay-color":"","overlay-opacity":"","overlay-gradient":""},"tablet":{"background-color":"var(--ast-global-color-5)","background-image":"","background-repeat":"repeat","background-position":"center center","background-size":"auto","background-attachment":"scroll","background-type":"","background-media":"","overlay-type":"","overlay-color":"","overlay-opacity":"","overlay-gradient":""},"mobile":{"background-color":"var(--ast-global-color-5)","background-image":"","background-repeat":"repeat","background-position":"center center","background-size":"auto","background-attachment":"scroll","background-type":"","background-media":"","overlay-type":"","overlay-color":"","overlay-opacity":"","overlay-gradient":""}}},"product_cat":[34],"product_tag":[],"class_list":{"0":"post-15948","1":"product","2":"type-product","3":"status-publish","4":"has-post-thumbnail","6":"product_cat-schlagschrauber","7":"desktop-align-left","8":"tablet-align-left","9":"mobile-align-left","11":"first","12":"instock","13":"shipping-taxable","14":"purchasable","15":"product-type-simple"},"_links":{"self":[{"href":"https:\/\/best.brandpixel.eu\/index.php?rest_route=\/wp\/v2\/product\/15948","targetHints":{"allow":["GET"]}}],"collection":[{"href":"https:\/\/best.brandpixel.eu\/index.php?rest_route=\/wp\/v2\/product"}],"about":[{"href":"https:\/\/best.brandpixel.eu\/index.php?rest_route=\/wp\/v2\/types\/product"}],"replies":[{"embeddable":true,"href":"https:\/\/best.brandpixel.eu\/index.php?rest_route=%2Fwp%2Fv2%2Fcomments&post=15948"}],"wp:featuredmedia":[{"embeddable":true,"href":"https:\/\/best.brandpixel.eu\/index.php?rest_route=\/wp\/v2\/media\/4153"}],"wp:attachment":[{"href":"https:\/\/best.brandpixel.eu\/index.php?rest_route=%2Fwp%2Fv2%2Fmedia&parent=15948"}],"wp:term":[{"taxonomy":"product_cat","embeddable":true,"href":"https:\/\/best.brandpixel.eu\/index.php?rest_route=%2Fwp%2Fv2%2Fproduct_cat&post=15948"},{"taxonomy":"product_tag","embeddable":true,"href":"https:\/\/best.brandpixel.eu\/index.php?rest_route=%2Fwp%2Fv2%2Fproduct_tag&post=15948"}],"curies":[{"name":"wp","href":"https:\/\/api.w.org\/{rel}","templated":true}]}}