{"id":15929,"date":"2024-10-30T18:55:17","date_gmt":"2024-10-30T17:55:17","guid":{"rendered":"https:\/\/best.brandpixel.eu\/?post_type=product&#038;p=15929"},"modified":"2024-10-30T18:55:17","modified_gmt":"2024-10-30T17:55:17","slug":"autobatterie-12-24v-ladegeraet-kfz-pkw-ladegeraet-batterie-starthilfe-800a","status":"publish","type":"product","link":"https:\/\/best.brandpixel.eu\/?product=autobatterie-12-24v-ladegeraet-kfz-pkw-ladegeraet-batterie-starthilfe-800a","title":{"rendered":"Autobatterie 12\/24V Ladeger\u00e4t Kfz Pkw Ladeger\u00e4t Batterie Starthilfe 800A"},"content":{"rendered":"<p>Der I-STARTER 841 ist ein Inverter-Ladeger\u00e4t zum Laden von 12 und 24 Volt S\u00e4urebatterien, mit einer Funktion zum Anlassen von Autos mit Benzin- und Dieselmotoren. Das Ladeger\u00e4t kann S\u00e4ure , NASS (elektrolytgeflutet), MF (wartungsfrei), EFB (Enhanced Flooded Battery), GEL, AGM (Absorbierte Glasmatte &#8211; Batterien, die f\u00fcr Start-\/Stopp-Systeme verwendet werden) Batterien laden.<\/p>\n<p>Die \u00fcbersichtliche Frontplatte erm\u00f6glicht die Einstellung des Ladestroms, die Umschaltung zwischen Lade-\/Startmodus, den Schalter 12\/24VSpannung und die Einstellung des Timer (Ladezeit 0 &#8211; 120 Minuten).  Das Ger\u00e4t ist mit einem digitalen Ladestrommesser mit Display ausgestattet. Die stufenlose Einstellung des Ladestroms erm\u00f6glicht eine noch genauere Justierung des Ladeger\u00e4tes.<\/p>\n<p>Das Set enth\u00e4lt das Ladeger\u00e4t mit Lade- und abnehmbarem Startkabel und eine doppelte 150A Flachsicherung. Das Ger\u00e4t ist mit einem Ventilator-K\u00fchlsystem ausgestattet, das den Wirkungsgrad deutlich erh\u00f6ht. Das Ladeger\u00e4t ist mit Schutz gegen Kurzschluss, \u00dcberlastung und Verpolung ausgestattet, was seine Zuverl\u00e4ssigkeit und Sicherheit erh\u00f6ht.<\/p>\n<p>Hauptmerkmale:<br \/>\n&#8211; Kompakte Abmessungen und Gewicht f\u00fcr einfache Handhabung<br \/>\n&#8211; Abnehmbare Startkabel<br \/>\n&#8211; Alle Arten von Batterien k\u00f6nnen geladen werden (Ladestrom bis zu 80 A)<br \/>\n&#8211; Kfz-Starter mit 800 A Spitzenstrom (nominal 700 A)<br \/>\n&#8211; Stufenlose, stufenlose Ladestromeinstellung<br \/>\n&#8211; Aktive L\u00fcfterk\u00fchlung<br \/>\n&#8211; Digitaler Ladestrommesser mit Anzeige<br \/>\n&#8211; Schutz gegen Kurzschluss, \u00dcberlast und Verpolung<\/p>\n<p>Spezifikation:<\/p>\n<p>Versorgungsspannung\t230 V; 50 Hz<br \/>\nLadespannung\t12\/24 V<br \/>\nTechnologie\tInverter<br \/>\nLadestrom\t80 A<br \/>\nStartstrom\t800 A<br \/>\nNennanlaufstrom (EN 60335-2-29)\t700 A<br \/>\nLadestrom-Einstellschritte\tStufenlos<br \/>\nBatterie-Nennkapazit\u00e4t Ah 15h (min\/max)\t20 &#8211; 1000 Ah<br \/>\n\u00dcberlastungsschutz\tDoppelt 150 A<br \/>\nLeistung (Laden\/Starten)\t2,5 \/ 14 kW<br \/>\nSchutzniveau\tIP20<br \/>\nDimensionen\t295 x 300 x 200 mm<br \/>\nGewicht\t7 kg (15,4 lbs)<\/p>\n","protected":false},"excerpt":{"rendered":"<p>Ideal I-STARTER 841<br \/>\n12\/24V 80A<br \/>\nLadeger\u00e4t Ideal I-STARTER 841<br \/>\nAbnehmbare steckbare Startkabel<br \/>\nBlechsicherung 2x150A<br \/>\nKartonpackung<br \/>\nBedienungsanleitung<br \/>\n2 Jahre Garantie<\/p>\n","protected":false},"featured_media":4020,"comment_status":"open","ping_status":"closed","template":"","meta":{"site-sidebar-layout":"default","site-content-layout":"","ast-site-content-layout":"","site-content-style":"default","site-sidebar-style":"default","ast-global-header-display":"","ast-banner-title-visibility":"","ast-main-header-display":"","ast-hfb-above-header-display":"","ast-hfb-below-header-display":"","ast-hfb-mobile-header-display":"","site-post-title":"","ast-breadcrumbs-content":"","ast-featured-img":"","footer-sml-layout":"","theme-transparent-header-meta":"","adv-header-id-meta":"","stick-header-meta":"","header-above-stick-meta":"","header-main-stick-meta":"","header-below-stick-meta":"","astra-migrate-meta-layouts":"default","ast-page-background-enabled":"default","ast-page-background-meta":{"desktop":{"background-color":"var(--ast-global-color-4)","background-image":"","background-repeat":"repeat","background-position":"center center","background-size":"auto","background-attachment":"scroll","background-type":"","background-media":"","overlay-type":"","overlay-color":"","overlay-opacity":"","overlay-gradient":""},"tablet":{"background-color":"","background-image":"","background-repeat":"repeat","background-position":"center center","background-size":"auto","background-attachment":"scroll","background-type":"","background-media":"","overlay-type":"","overlay-color":"","overlay-opacity":"","overlay-gradient":""},"mobile":{"background-color":"","background-image":"","background-repeat":"repeat","background-position":"center center","background-size":"auto","background-attachment":"scroll","background-type":"","background-media":"","overlay-type":"","overlay-color":"","overlay-opacity":"","overlay-gradient":""}},"ast-content-background-meta":{"desktop":{"background-color":"var(--ast-global-color-5)","background-image":"","background-repeat":"repeat","background-position":"center center","background-size":"auto","background-attachment":"scroll","background-type":"","background-media":"","overlay-type":"","overlay-color":"","overlay-opacity":"","overlay-gradient":""},"tablet":{"background-color":"var(--ast-global-color-5)","background-image":"","background-repeat":"repeat","background-position":"center center","background-size":"auto","background-attachment":"scroll","background-type":"","background-media":"","overlay-type":"","overlay-color":"","overlay-opacity":"","overlay-gradient":""},"mobile":{"background-color":"var(--ast-global-color-5)","background-image":"","background-repeat":"repeat","background-position":"center center","background-size":"auto","background-attachment":"scroll","background-type":"","background-media":"","overlay-type":"","overlay-color":"","overlay-opacity":"","overlay-gradient":""}}},"product_cat":[29],"product_tag":[],"class_list":{"0":"post-15929","1":"product","2":"type-product","3":"status-publish","4":"has-post-thumbnail","6":"product_cat-ladegeraete-und-starthilfen","7":"desktop-align-left","8":"tablet-align-left","9":"mobile-align-left","11":"first","12":"instock","13":"shipping-taxable","14":"purchasable","15":"product-type-simple"},"_links":{"self":[{"href":"https:\/\/best.brandpixel.eu\/index.php?rest_route=\/wp\/v2\/product\/15929","targetHints":{"allow":["GET"]}}],"collection":[{"href":"https:\/\/best.brandpixel.eu\/index.php?rest_route=\/wp\/v2\/product"}],"about":[{"href":"https:\/\/best.brandpixel.eu\/index.php?rest_route=\/wp\/v2\/types\/product"}],"replies":[{"embeddable":true,"href":"https:\/\/best.brandpixel.eu\/index.php?rest_route=%2Fwp%2Fv2%2Fcomments&post=15929"}],"wp:featuredmedia":[{"embeddable":true,"href":"https:\/\/best.brandpixel.eu\/index.php?rest_route=\/wp\/v2\/media\/4020"}],"wp:attachment":[{"href":"https:\/\/best.brandpixel.eu\/index.php?rest_route=%2Fwp%2Fv2%2Fmedia&parent=15929"}],"wp:term":[{"taxonomy":"product_cat","embeddable":true,"href":"https:\/\/best.brandpixel.eu\/index.php?rest_route=%2Fwp%2Fv2%2Fproduct_cat&post=15929"},{"taxonomy":"product_tag","embeddable":true,"href":"https:\/\/best.brandpixel.eu\/index.php?rest_route=%2Fwp%2Fv2%2Fproduct_tag&post=15929"}],"curies":[{"name":"wp","href":"https:\/\/api.w.org\/{rel}","templated":true}]}}